t j(f) = c(f) + p(f). Let w be j(2). What is the highest common factor of 56 and w?
14
Let l be (-440)/(-32)*(2 - -2). Suppose -l*c = -66*c + 1254. What is the highest common divisor of 152 and c?
38
Let s = 6 + 0. Let x be -6 + 0 + -44 + 137. Suppose 8*a = -15 + x. Calculate the greatest common factor of s and a.
3
Let y(l) = l**2 - 24*l - 214. Let v be y(34). Calculate the highest common divisor of v and 1827.
63
Suppose -2*n = t - 262, 0 = -n - 0 + 1. Let l = -252 + t. Calculate the highest common divisor of 152 and l.
8
Let l = -59 + 62. Let i be 2/6 - (6 + (-302)/l). Calculate the highest common factor of i and 1615.
95
Suppose 3400 + 1784 = 9*h. What is the highest common factor of 72 and h?
72
Let x(r) = r**3 - 13*r**2 - 7*r - 98. Let y be x(14). Suppose -63 - 69 = -2*i. Suppose y = -6*u + 3*u + i. What is the highest common divisor of 22 and u?
22
Suppose -4*f = -2*z - 7*f + 156, 0 = 4*z - 3*f - 240. What is the highest common factor of 2262 and z?
6
Let q(a) = 44*a**2 - 41*a - 57. Let v be q(-5). What is the greatest common divisor of v and 728?
104
Suppose -z = 6*z - 469. Let u = 32 + -19. Suppose u = 4*h - z. What is the greatest common divisor of 50 and h?
10
Suppose 8*v = 4*v + 92. Suppose -v*p = -29*p + 252. What is the greatest common factor of p and 6?
6
Let w(h) = -4*h**3 - 10*h**2 - 53*h + 14. Let g be w(-5). Let z = g + -313. Calculate the highest common factor of 36 and z.
36
Let y be 2/(9 - 1) - 47/(-4). Suppose 15 - 39 = -3*d. Suppose 6*p - 44 = -d. What is the highest common factor of p and y?
6
Let s = 24 + -14. Let z be ((-594)/77)/((-21)/98). Suppose -s*r + z = -r. Calculate the greatest common factor of r and 14.
2
Let n(c) = -2*c**3 + 21*c**2 + 12*c + 24. Let o be n(11). Let x(h) = 41*h - 25. Let v be x(10). Calculate the highest common divisor of o and v.
35
Let c = -139353 + 140255. Let a = -84 - -166. Calculate the highest common divisor of c and a.
82
Let a = 239 - -1. Let t = 244 - a. Suppose -3*z + 4*z - 4 = 0. Calculate the greatest common factor of z and t.
4
Let l be (1 - 0) + (-19)/(-1). Let m = -19 - -35. Suppose -4*c = -2*c - m. Calculate the greatest common divisor of c and l.
4
Suppose -2*t - 9*t + 1408 = 0. Let d(g) = g**2 - g + 4. Let f be (-44)/(-10) - 3*(-6)/(-45). Let y be d(f). What is the greatest common divisor of t and y?
16
Suppose j + 5536 = 44*j - 2204. What is the highest common divisor of 260 and j?
20
Let s(l) = -l**2 + 8*l - 2. Let d be (-4)/(-14)*4/(16/28). Let r be ((-55)/22)/((-1)/d). Let x be s(r). What is the greatest common factor of x and 52?
13
Let v be (-4)/6 + 44/(-33). Let k be ((-3)/(-1) - v) + -1. Let o be (-1630)/(-50) + k/10. What is the highest common divisor of 66 and o?
33
Suppose -2 = 2*i, 4*a - 19 = a + 4*i. Suppose -2*n + 3*w = n - 54, -a*w = 4*n - 54. Suppose n*t - 18*t + 220 = 0. What is the highest common factor of t and 10?
10
Let p(y) = 4*y**2 + 19*y + 10. Let s be p(-5). Let x = -6 - -10. Suppose -x*t + 105 = -75. What is the highest common factor of t and s?
15
Let z(r) = 8*r**3 - 4*r**2 - 5*r + 5. Let v be z(2). Let s = -22 - -30. Suppose s*k - 1290 = 5*k. What is the highest common divisor of k and v?
43
Let j be (4/9)/((-52)/78)*-3*55. Calculate the highest common divisor of 99 and j.
11
Suppose 4*i - 2*a - 409 = -3*a, -i + 103 = a. Let f = 46 + 124. Calculate the greatest common factor of f and i.
34
Let u be 4/((-72)/(-30))*(-55188)/(-1095). Suppose -t - 9 = -37. What is the greatest common factor of t and u?
28
Suppose 2939 = -31*r + 32327. Calculate the greatest common divisor of 216 and r.
12
Suppose -26*v + 116*v - 11531 = 1969. Calculate the greatest common divisor of v and 15750.
150
Let r(c) = 2*c**2 + c - 5. Let q be r(2). Suppose -47 = -3*k + 3*j + 2*j, -q*k + j + 49 = 0. Calculate the greatest common divisor of k and 45.
9
Suppose -r = -a - 12, r - 2*a + 4 = 3*a. Let n(j) = j**3 - 15*j**2 - 6*j. Let t be n(r). What is the greatest common factor of t and 40?
40
Suppose 5*q - 3*n - 14 = 0, 2*q = -3*q - 3*n - 4. Let r be (1 - q - (-15)/(-30))*-174. What is the highest common divisor of 58 and r?
29
Let h(y) = -257*y + 837. Let b be h(3). Calculate the greatest common factor of b and 1419.
33
Let i = -10811 - -10923. Suppose -13*d + 4*d = -756. What is the highest common divisor of d and i?
28
Let y = 16295 + -15751. What is the greatest common divisor of y and 12?
4
Let q = 55 - 51. Suppose 3*c = 7*c - 20, q*k = c + 7. Suppose 14 = -t + 5*f, -3*t = -k*f - f - 13. What is the highest common factor of 1 and t?
1
Let r(i) = i**2 - 5*i + 5. Let c(a) = a**2 + 4*a - 7. Let w be c(-6). Let b be r(w). Suppose 55 = 2*g - 15. Calculate the greatest common divisor of g and b.
5
Let w(p) = 28*p**2 - 4*p. Let z be w(-2). Suppose 13*c - 340 = -4*c. Calculate the highest common factor of z and c.
20
Let y be 1 - (-3)/(-2 + 5). Suppose w + w = -2*b + 10, 2 = y*w. Suppose -18*g = -b*g - 70. Calculate the greatest common factor of g and 45.
5
Let g(d) = 17*d + 55. Let c(y) = -3*y**2 + 2*y - 2. Let z be c(0). Let o be g(z). What is the greatest common factor of o and 42?
21
Suppose -3*c - n = -4*c + 7, -3*c + 19 = -2*n. Suppose 12*f - 14*f + 40 = 6*f. What is the greatest common factor of c and f?
5
Suppose 12738 = 6*s - 2*f, 18*s = 16*s + 3*f + 4246. Calculate the greatest common factor of 3088 and s.
193
Let d = 16897 + -12898. Calculate the highest common divisor of 387 and d.
129
Let k(u) = 2*u**2 + 3*u. Let w be k(-3). Let m = 174 - 286. Let j = -97 - m. What is the highest common divisor of w and j?
3
Suppose -39*d + 14539 = 28*d. What is the greatest common factor of 31 and d?
31
Suppose 124 = -4*s - 4*l, 6*l - 40 = s + 4*l. Let t be (s/51)/(4/(-30)). Suppose -n + 5 = -t. What is the highest common divisor of 2 and n?
2
Let s = -27 + 39. Let l(f) = -131*f - 3084. Let o be l(-24). Calculate the highest common factor of s and o.
12
Let j be ((-18)/(-10) - (-86103)/5265) + (-2)/13. What is the greatest common divisor of j and 4635?
9
Let v be ((-1)/6)/(45/(-1080)). What is the greatest common factor of v and 92?
4
Let q(c) = c**3 + 13*c**2 + 10*c - 15. Let l be q(-12). Suppose -l*r = r - 120. Suppose 0 = 9*a - r*a + 195. What is the highest common factor of 13 and a?
13
Let d be (-1168)/14*7/(-2). Let u = d - 256. Calculate the greatest common factor of 630 and u.
18
Let j = -9189 - -9285. What is the highest common divisor of 1776 and j?
48
Suppose 17 - 19 = f. Let y be 5 + -1 + (-136)/f. Calculate the greatest common factor of 32 and y.
8
Suppose 4*g - l - 57 = -4*l, 12 = 4*l. Let h(k) = 498*k**2 + k - 5. Let b be h(-1). Calculate the greatest common factor of g and b.
12
Let o(q) = 6*q**2 - 4*q - 92. Let h be o(9). Suppose -1573 = -3*u - h. Let x be (-2)/4 - 182/(-4). What is the highest common factor of u and x?
45
Let j(r) = -79*r - 430. Let y be j(-6). What is the greatest common factor of 5764 and y?
44
Let h(k) = k**3 - 20*k**2 + 40*k + 2. Let a = -294 - -312. Let u be h(a). Calculate the highest common divisor of u and 333.
37
Let y(i) = -1300*i + 8. Let k be y(-1). Let x be k*(-5)/(-75) - 4/(-5). Calculate the highest common factor of x and 55.
11
Let q(h) = -h**2 + 43*h - 81. Let u be q(34). What is the highest common factor of u and 27?
9
Let u be ((-2 + 118)*-1)/(15 + (-1232)/80). Calculate the highest common divisor of u and 34800.
290
Let r be (-3)/5 + (10872/45 - -11). Let d = r - -207. What is the greatest common divisor of d and 27?
27
Let c = 963 - 889. What is the highest common factor of 999 and c?
37
Let k(l) = -16*l**3 + 11*l**2 + 21*l + 2. Let s be k(-2). Suppose 2*i + 143 - 715 = 0. What is the highest common divisor of s and i?
22
Let g be 4/(-10) + 1326/15. Let h(j) = 1727*j - 3421. Let b be h(2). Calculate the greatest common factor of b and g.
11
Let o(t) = -21*t**2 - 2*t - 2. Suppose -d - 18 = -20. Let y be o(d). Let h = 194 + y. Calculate the greatest common factor of 13 and h.
13
Let w be (-6)/(-5 + 4 + -1). Let z(k) = -k + 5. Let q be z(w). Suppose -q*d - d + 45 = 0. What is the greatest common factor of d and 15?
15
Suppose 19*q + 2495 = 4*a + 22*q, -2*a - 5*q + 1251 = 0. Calculate the highest common divisor of a and 267.
89
Let i(m) = 2*m**2 + 874*m - 19168. Let t be i(21). Suppose u - 310 = -0*u - r, u + 2*r - 314 = 0. Wh